 (3 - 0)
57
What is 32 - (-6 + 23 - (23 + 19))?
57
-2 + 24 - (-346 - -293) - 35
40
Evaluate -55 - (0 + (46 - 124)).
23
Calculate -16 + 258 + -95 - 243.
-96
What is the value of -147 - (-185 + (-129 - -95))?
72
-164 - ((-71 - -36) + 21 + -23)
-127
What is the value of -75 - -15 - (-20 + 8) - -1?
-47
What is the value of 4 + (1 + -6 - (21 + 37)) + 22 + -17?
-54
What is 6 - (-39 + 83 - 88)?
50
Calculate 15 + (-5 - 12) - (-10 - -2) - (-6 + 69).
-57
Evaluate -7 + (-5 - -4) + 15 + -3 + 9 + -53.
-40
What is 19 - (13 + (2 - -12)) - (-2 + 0)?
-6
Evaluate -50 - (7 - (65 + -33)).
-25
What is the value of (20 - 43 - -61) + (-2 - 10)?
26
Calculate -121 + (49 - -24) - -6.
-42
Calculate (-55 - 18) + 19 + 13 + -12 - 0.
-53
Evaluate 67 + -42 + (-97 - -26).
-46
Calculate 81 + -2 - ((-7 - -19) + -19 + 6 + 8).
72
-9 - (1 + (-31 - -2 - (0 - -6)) + -9)
34
What is the value of 16 - 13 - (5 - (18 - 2))?
14
Calculate (0 - -135) + (6231 - 6286).
80
Evaluate 46 + -51 + -30 + 81 + -3 + 1 - 4.
40
(12 + -11 - (0 - -18)) + (558 - 606)
-65
What is the value of 51 + -78 + 46 - 1?
18
Evaluate (51 - (24 + -74)) + -32.
69
87 - (-30 - (-62 - -60))
115
Evaluate 99 + (-97 - -66) + 51.
119
What is -24 - ((-71 - -32) + 44)?
-29
(-34 - (-5 - -4)) + (11 + -28 - -29)
-21
Evaluate -65 + ((-14 - 3 - -20) + -4 - -9).
-57
What is 20 + (37 - 6 - 1)?
50
2 + (13 - (-34 - -50)) + -15
-16
Calculate (29 - (9 + 2)) + (9 - 12) + -107.
-92
What is the value of -5 + 3 - (-3 + 2) - (-21 - -13) - 3?
4
(4 + -11 + 7 - 14) + (135 - 56)
65
Evaluate 4 + -17 + (-5 - (-31 - -12) - -32).
33
What is -57 - (-20 - 44) - -1?
8
What is 29 - (83 + (-42 - -36) + 2)?
-50
169 + -150 - (-4 + -56 + 20)
59
What is the value of 1 - (-4 - -2) - ((-6 - 103) + 120)?
-8
What is 30 + -23 + (52 - 8 - 4)?
47
What is the value of 75 - (73 + 81 + -3)?
-76
What is the value of 25 + (10 - -21 - 68)?
-12
What is -6 - (16 + 16) - (-15 + 29)?
-52
3 - (0 + 3 - (698 + -684))
14
What is -1 - 1 - -36 - (62 + -63 - (0 - 11))?
24
What is the value of (4 - (-24 - (5 - (-3 - -33)))) + 1 + -5?
-1
36 - (-25 - (18 - 14) - (-8 + -7))
50
Evaluate 5 + -8 + -9 + (-9 - (10 + -19 + 6)).
-18
Evaluate 3 - (-1 - (-48 + 10 - (9 + -7))).
-36
Calculate -83 + (78 - 21) - (1 + 4 + (0 - -2)).
-33
Calculate (4 - (-10 + -10 + 11 + -2)) + 2.
17
Evaluate -23 + 4 + 1 + (-231 - -284).
35
What is -6 + (-2 - -25) - ((-16 - -134) + -35)?
-66
Calculate 4 + 8 + -2 + -15 + 1 - 6 - -25.
15
Evaluate -18 + 36 + (-150 - -64 - (5 - 4)).
-69
Evaluate 38 + 6 + (-51 - -21 - -10).
24
What is -119 + -2 + 5 - (-543 + 525)?
-98
Calculate -44 + 1 + (-379 - (134 - 441)).
-115
Calculate -145 + 52 - -95 - -30.
32
Evaluate (-5 + -15 - (-4 + 3)) + 120 - (-3 + -1).
105
Evaluate (-6 - -14) + (-29 - (4 + 1)).
-26
What is -231 + 218 + (-4 - 4)?
-21
What is 11 + -4 + (-112 - -119)?
14
Calculate 39 + 16 + -15 + -15 + -3.
22
-2 + 29 + (36 - 59) + 40
44
61 - (0 + -1 + 57 + -45 - (31 - 8))
73
What is (18 - (14 - (5 + -13 + (25 - 6)))) + 102?
117
What is the value of -8 - (-82 + (-25 - -17) + 9 + (-1 - 1))?
75
Evaluate -70 + 3 + -3 + (1 + -34 - (772 + -794)).
-81
4 + 4 - (-1 - -2) - (13 + 22 + 23)
-51
Calculate 3 + 13 + -12 - 16 - -14 - -63.
65
What is (19 - 13 - 13 - (-66 + 1 - 5)) + -5?
58
-44 + (-493 - -530 - (0 - -32))
-39
Calculate 6 + 1 + (4578 - 4544).
41
-100 + 187 - 83 - (-1 + 0)
5
(6 - (-59 - 7)) + (-6 - -3 - -12)
81
Calculate 45 - 41 - (-25 - -45).
-16
What is -94 - (12 - -4) - (-19 + 33 + -30)?
-94
Evaluate (-203 - (-61 - 145)) + (-2 - -2) + 94.
97
132 + 120 + -195 + -66
-9
What is 8 + (19 - 17 - -38)?
48
Calculate (203 - 139) + (8 - -4 - 0).
76
What is -54 - (-27 - -3 - (4 + -35))?
-61
2 + 43 + -99 + (-22 - -92)
16
What is 2 + 31 + (-497 - -483)?
19
(-40 - -56) + -48 - (-2 + 4 + 0)
-34
What is (10 - (97 + -122)) + 8 - (-7 + 1 - 0)?
49
What is the value of (-18 - -10) + (-20 - -21)?
-7
What is 40 - (-35 - (-26 - -6)) - 22?
33
Evaluate -1961 + 1946 - (-20 - 0) - (-2 + 4 + -61).
64
What is -79 + (1 - 47 - -54) + 19 + -1?
-53
Calculate -2 - (23 + -12) - (4 - 16).
-1
Calculate -24 + -111 - (6 + -16 + -10 + -2).
-113
What is the value of (10 - 27) + 10 + (2 - 2 - 2) + -20?
-29
What is the value of -31 + -1 - (-159 + (543 - 315))?
-101
What is the value of -21 - -30 - ((3 + -4 - -11) + 0) - -94?
93
Calculate (19 - 42) + (-9 - -17 - 9).
-24
Evaluate -31 - (-19 - -24) - (-117 + -4).
85
What is (-13 - 2) + 15 - (4 + -3 + 5)?
-6
-62 + 109 + (-146 - -86)
-13
Evaluate 71 + -31 + -137 + 20.
-77
Calculate -1 + 13 + (-40 - (-48 + 8)) - -29 - -5.
46
Calculate -48 - -39 - (-18 - (-15 - -4)).
-2
What is (-55 - (19 - 5)) + 4 - -4?
-61
Evaluate -153 + 145 + 21 + 0 + -70.
-57
Calculate (-3 + 3 + -6 - (21 + -19)) + 16.
8
Evaluate (-15 - -22) + -3 + (-12 - 1) + 146 + -41.
96
Evaluate -24 + 2 + -11 + (110 - 73).
4
What is the value of (-4 - -32) + -37 + 33 + -1 + (3 - 0)?
26
What is 3849 + -3975 + -1 + 168?
41
Calculate -117 - (-14 - ((4 - 11) + -6 + 13)).
-103
Evaluate 71 - (-35 - (-32 - 152)).
-78
14 - (77 + (-7 - -5 - 4) - 5)
-52
87 - (-104 - -237) - -71
25
-16 - (13 - (0 + (-7 + 13 - 0)))
-23
Calculate (-20 - -1) + -1 - (28 + -158 - -140).
-30
Calculate 8 + (-14 + (-8 - -32) - 10) + (-2 - -54).
60
What is the value of 120 + (-32 - -5 - (-33 + -11 - -25))?
112
What is the value of -118 + -2 + (-3613 - -3683)?
-50
What is the value of -7 - (58 + 6 + -3 - 27)?
-41
Evaluate 95 + 6 + (17 + (3 - 12) - 2) - 8.
99
Evaluate (14 - 31) + 6 + -3 + 28 - 16.
-2
What is -6 + (-67 - (-3 - (13 - (-9 + 13 - 0))))?
-61
Evaluate 2 + -2 - ((-12 - 12) + -7).
31
What is the value of -9 + (-8 - -55) + -11 + -11?
16
Calculate 1 + 6 + (73 - (10 - (8 - 7))) + 0.
71
Evaluate -86 + (36 - -71) - (-67 + 3).
85
Evaluate 34 - ((-62 - -103) + 2 + -13).
4
-15 + 30 + -29 - (-57 + (2 - 3))
44
What is 4 + -85 - -6 - ((-52 - -56) + -22)?
-57
(5 + -9 - (-9 + -58)) + (-5 - (-12 + 0))
70
Calculate 15 - 15 - (16 + -26 + 4 + -2) - -78.
86
69 + 19 - (92 - (-60 - -110))
46
What is the value of 49 + -9 - 33 - (76 - (1 + -2 + 3))?
-67
What is -19 - (-12 + -8 - -58)?
-57
Evaluate -9 + (2 - 4) + 300 + -300 + 17.
6
What is -42 + 2 + 21 + -40 + 5 + (27 - 21)?
-48
Calculate 181 + -124 + (27 - 7).
77
What is -44 + -10 + -8 + (0 - (-14 - 8 - -9))?
-49
What is (62 - 20) + -46 - (1 - 3 - 35) - 9?
24
What is the value of 1 + 4 + (31 - (-82 + 89))?
29
Evaluate (-14 - ((25 - 10) + 5)) + 23.
-11
What is the value of -24 + (36 - 6) - (20 + 1 - 1)?
-14
8 - (-52 - (-91 - -55) - (-7 - 1))
16
Calculate 36 - ((-14 - 4) + 8 - -1).
45
What is 11916 + -11907 + (0 - (-2 + -1)) + -2 + 98?
108
(16 + -18 + 5 - (-3 + -4)) + 10
20
(4 - 70) + (-766 - -764)
-68
Evaluate -9 - (6 - (-7 + 12 + (4 - (-3 + -6)))).
3
What is the value of (-1 + (108 - 108 - (1 + 6)) - -22) + -30?
-16
What is the value of (-52 - -52) + -47 - -12?
-35
What is (1 - 9 - -3) + (4 - 1 - (-97 + 93))?
2
Evaluate -76 - (-85 + 0 + -48).
57
What is -42 + -64 + 161 + -61?
-6
What is 16 - ((360 - 421) + (-2 - -28))?
51
What is the value of 4 + (348 - 361 - (-1 + -2 - 4))?
-2
(37 - (-100 + 43)) + -37
57
Calculate 99 + (149 - 304) + 19 + 0.
-37
Calculate -24 + (35 - 18) - -9 - 8.
-6
-69 + 3 - (-9 - (-1 + 12 - 4))
-50
Calculate -6 + 17 + 19 + (-10 - -4).
24
What is the value of -249 + 263 - (9 + 1) - (34 - 0)?
-30
Calculate (-13 - (-3 + (2 - -1))) + -6414 + 6480.
53
(-10 - (-4 + 3 + -7)) + 10 - (8 - -30)
-30
What is the value of (66 - 44) + -22 + 11?
11
Evaluate -72 - (39 - 42 - (-2 + -5 + 10)) - 0.
-66
0 + 3 + -94 + 92 - -5
6
Evaluate (9 - (-1 + 10 - (5 - -16 - 12))) + -8.
1
Evaluate (-3 - (26 - 26)) + (2 + 52 + 3 - 3).
51
What is the value of 77 - 105 - (61 + -17) - (-16 + 0)?
-56
What is -15 - (-62 - ((25 - 17 - 0) + -9))?
46
Calculate -6 + (-66 - -163) + -4.
87
What is the value of (-45 - -132 - 35) + (1 - (0 - 5))?
58
What is -10 + 144 + -111 + -22?
1
Evaluate -11 + 11 + -18 + -16 + 33.
-1
0 + -1 - 45 - (45 + -72 + -32 + 68)
-55
Evaluate (-5 - -316) + -155 - 63.
93
Calculate (3 - (-2 - 0)) + (-2 + 15 - 3) + -50.
-35
What is (19 - -43) + -65 + 81?
78
What is the value of -30 - (-9 + (-9 - -15) + 30 + -14)?
-43
Calculate (85 - (-8 - -5)) + -27 + 9 + (-37 - -53).
86
Calculate 80 + -8 + -114 - (2 + -9).
-35
What is -117 + 221 - 170 - (-16 + 0 - -2)?
-52
Calculate (100 + -2 - (4 - 0)) + 9 + (-1 - -5).
107
What is the va